inder when 54 is divided by w(-20)?
9
Let g = 82 + -66. Let z = g - 16. Suppose -5*r = 3*h - 75 + 11, r + h - 12 = z. What is the remainder when 54 is divided by r?
12
Calculate the remainder when 299 is divided by (154 - 77) + 30/(-2).
51
Let n = 5181 + -5017. What is the remainder when n is divided by 63?
38
Let j = 3856 + -3847. What is the remainder when 16269 is divided by j?
6
Suppose -1382 = 5*w - 257. Let t be 50/w - (-20)/9. Suppose -t*v + 335 = 5*f - 7*v, 4*f - v = 256. Calculate the remainder when f is divided by 13.
11
Calculate the remainder when ((3800/16)/25)/(2/56) is divided by 241.
25
Let x = 12289 - 1936. Let l(s) = s**2 - s + 3. What is the remainder when l(4) is divided by x/783 - (-4)/(-18)?
2
Let d = -181 + 19. Let r = 197 + d. What is the remainder when 314 is divided by r?
34
Suppose c = -4*c + 360. Suppose -4*k + 2*r = 8, 2*k - 3*r = -2 - 6. What is the remainder when c is divided by 15/(-6)*-3*(1 - k)?
12
Suppose -13*h = -6*h + 2352. Let a = 390 + h. What is the remainder when a is divided by -1 + 14 + -1 + 0?
6
Suppose 18 = 3*o + 5*b, -2*b - 6 = -0. Suppose 0 = -o*i + 12*i - 21. Calculate the remainder when i is divided by 6.
3
Let v = 66 - 21. What is the remainder when v is divided by 2 - 7*(-266)/98?
3
Let s be ((-490)/(-21))/((-10)/(-15)). Suppose 5*y + 5*w - 220 = 4*w, -y - 2*w = -s. Suppose 3*l = -l + 32. What is the remainder when y is divided by l?
5
Let m be 20/(-35) + 12660/(-42). Let g = m - -401. Calculate the remainder when g is divided by 39.
21
Let p = -13 - -13. Calculate the remainder when 372/9 + (-61)/183 is divided by ((3 - 10) + p)*-1.
6
Suppose 0 = 4*s + 3*a - 9412, 10*s = 6*s - a + 9404. Calculate the remainder when s is divided by 19.
13
Let z = -308 - -312. Suppose o + z = 95. What is the remainder when 544 is divided by o?
89
Let y = 4193 + -3734. Calculate the remainder when y is divided by 150.
9
Let i(c) = c**3 + c**2 - 2*c + 1. Let n(g) = 2*g**2 - 20*g - 19. Calculate the remainder when n(-2) is divided by i(2).
2
Let p be 3 - ((0/(-2) - -2) + -3). Suppose p + 11 = 5*n, o - 170 = 3*n. Calculate the remainder when o is divided by (793/(-52))/((-1)/4).
57
Let r(i) = -22*i**3 + 3*i**2 + 8*i + 2. Calculate the remainder when r(-3) is divided by 118.
9
Let b be 185/2*8*(-1)/(-10). Suppose 88 + b = 6*v. Suppose 5*c - 3*h = 547, 3*c + h = -c + 424. Calculate the remainder when c is divided by v.
26
Suppose 0 = -441*z + 438*z - 3*r + 246, 0 = 2*z - 2*r - 140. Let s(j) = -2*j + 20. Calculate the remainder when z is divided by s(-6).
12
Let a = 87 + -65. Let v = 146 + -139. What is the remainder when a is divided by v?
1
Suppose -5*r - 3*r - 11*r = -3059. Let d(y) = -y**2 - y + 27. What is the remainder when r is divided by d(0)?
26
Suppose 4*d - 12*j - 80 = -16*j, -j - 5 = 0. Suppose -110 = -2*s - 4*n, 0 = 22*s - d*s + 2*n + 173. Calculate the remainder when 86 is divided by s.
29
Let w = -52 + 64. Let y(h) = -h**3 + 11*h**2 + 11*h + 18. Let g be y(w). What is the remainder when (-3 - -47)/(g + -4) is divided by 13?
9
Let v(r) = r**3 + 9*r**2 + 2*r - 3. Let b be v(-8). Calculate the remainder when (-3)/b - (-4900)/375 is divided by 7.
6
Let s(y) = 8*y - 182. Calculate the remainder when 34198 is divided by s(29).
48
What is the remainder when (2/(-14) + 508646/(-1435))/(3/(-20)) is divided by 13?
11
Let l(n) = -n**3 - 19*n**2 - 19*n - 50. Calculate the remainder when l(-19) is divided by 54.
41
Let p(a) = 8*a**2 - 8*a - 15. Let v(q) = -7*q**2 + 8*q + 13. Let m(u) = -2*p(u) - 3*v(u). What is the remainder when 465 is divided by m(4)?
36
Calculate the remainder when 171 is divided by 152 + (-360)/(-18) + -15.
14
Suppose 1444 = -1559*p + 1561*p. What is the remainder when p is divided by 35?
22
Let x = -2209 + 2260. Calculate the remainder when 1812 is divided by x.
27
Suppose -5*z - 605 = -175. Let s = -20 - z. What is the remainder when s is divided by 21 + (1 - (-1 - 0))?
20
Suppose 104*n = -3*p + 99*n + 184, -3*n = -15. Calculate the remainder when p is divided by 33.
20
Let h = -31129 - -31282. Calculate the remainder when 718 is divided by h.
106
Suppose -4*c + 144 = -5*q - 744, 0 = -3*q. Let u = 231 - 901. Let o = u - -727. Calculate the remainder when c is divided by o.
51
Let s(b) = -b**2 - 14*b + 747. What is the remainder when 10/(-35) - 634/(-14) is divided by s(-35)?
9
Let s be (-3 + -3 + 5)*-1. Let g = s + 39. Calculate the remainder when 38/247 - ((-2039)/13 - 1) is divided by g.
38
Let p(w) = 67*w**2 + 409*w - 12. What is the remainder when p(-7) is divided by 388?
20
What is the remainder when (49590/(-1827))/((-10)/168) is divided by 4?
0
Let x = -692 - -722. Suppose 3*l - 2*l + 3*k = 53, 4*k - 4 = 0. Calculate the remainder when l is divided by x.
20
Let f(p) = 1013*p**2 - 35*p - 35. What is the remainder when f(-1) is divided by 5?
3
Let x(z) = 16*z**3 - 4*z**2 + 2*z + 1. Suppose 3*w - 62 = -1110*n + 1109*n, -n = 4*w - 72. Calculate the remainder when x(2) is divided by n.
21
Let n be -5 + 1 + 18 - 4. Suppose n*g - 4*g - 72 = 0. Suppose 22*a - g = 16*a. What is the remainder when 21 is divided by a?
1
Suppose -1082 = -2*m + 5*d, -5*m - 2*d = -622 - 2025. Calculate the remainder when m is divided by 45.
36
Suppose 11 + 9 = 5*t. Calculate the remainder when 394 is divided by ((-6)/t)/(895/(-220) - -4).
20
Suppose -51 = -2*l - 5*m, 0 = -4*l + 2*m + 36 + 54. Let a be (-36)/(-7)*175/(-10) + 0. What is the remainder when l is divided by 1/((-3)/(-28)) + a/270?
5
Let y(a) = a + 3. Suppose 5*v + l - 30 = 0, 23 = 3*l + 8. What is the remainder when 86 is divided by y(v)?
6
Suppose -4*n + 3*c + 1791 = 0, -c = 5*n - 5*c - 2238. What is the remainder when n/7 + (3 - (-92)/(-28)) is divided by 34?
30
Let f = 3 + -44. Let d be 1 + 3 + -2 + f. Let x = 66 + d. What is the remainder when 103 is divided by x?
22
Suppose -15 = 3*s, -x - 2*s - 40 = -3*x. What is the remainder when ((-648)/540)/((-24)/1280) is divided by x?
4
Suppose g - 405 = -3*o, -5*g + 9*o = 11*o - 1973. What is the remainder when g is divided by 104?
81
Suppose -2340 = -41*k + 8905 + 19915. Calculate the remainder when k is divided by 110.
100
Let s = 105 + 47. Suppose 0 = 4*j - q - s, -2*j - j - 4*q = -133. Calculate the remainder when j is divided by 300/45*12/10.
7
Let u = -11436 - -11472. Let l be 2/6 - (-119)/3. Suppose 0 = l*r - u*r - 60. What is the remainder when 29 is divided by r?
14
Suppose -43*m + 346 + 213 = 0. Suppose -807 = m*u - 4031. Calculate the remainder when u is divided by 50.
48
Calculate the remainder when -2 - 135/(-27)*((2 - -265) + 2) is divided by 16.
15
Suppose -18*a = 17*a - 11095. Let n = a + -307. Suppose 0 = 5*m - 4*m + 2*c - 44, -2*m + 5*c + 52 = 0. Calculate the remainder when m is divided by n.
6
Let l(g) = -g**2 + 80*g + 2897. Suppose -4*t - 2*s + 203 = s, 0 = 5*t + 5*s - 260. What is the remainder when t is divided by l(-27)?
7
Suppose 116 = -5*w - 109. Calculate the remainder when (-178)/(-9) - (370/w + 8) is divided by 13.
7
Suppose -1990*p = -1993*p + 465. What is the remainder when p is divided by 64?
27
Let o = 6825 - 6789. What is the remainder when 1474 is divided by o?
34
Suppose 0 = 155*v - 80035 - 32960. What is the remainder when v is divided by 336?
57
Let a(k) = -k**3 + k**2 - 6*k + 10972. Calculate the remainder when a(0) is divided by 118.
116
What is the remainder when 1 - (-202 - (-2)/(-2)) is divided by 46/(-345) + 2/135*1629?
12
Suppose 5*r + z = 4133, 70*r = 71*r - z - 823. Calculate the remainder when r is divided by 138.
136
Let x = 5163 - 4729. Calculate the remainder when x is divided by 115.
89
Let d(f) = 82*f + 1579. Calculate the remainder when 5186 is divided by d(-19).
20
Let n(b) = -b**3 - b**2 - b + 23. Suppose -2*v - 917 = -3*p + 62, 0 = -p + 5*v + 374. Calculate the remainder when p is divided by n(0).
20
Suppose -5*v + 1830 = 3*i + 45, -i - 4*v = -581. Calculate the remainder when i is divided by 540.
65
Suppose c + 1 = 4. Suppose 4*v + 112 = -2*d - 802, -2*d - 914 = 5*v. Let t = d - -460. Calculate the remainder when c is divided by t.
0
Let u = -96 + 98. Calculate the remainder when 36 is divided by ((-26)/(-4) + 12/8)/u.
0
Suppose 4*h - 3600 = -3584, -1565 = -5*q - 5*h. What is the remainder when 1557 is divided by q?
12
Suppose 0 = 36*t - 37*t - 4*